{"id":932,"date":"2024-04-01T13:18:10","date_gmt":"2024-04-01T13:18:10","guid":{"rendered":"http:\/\/antoniamoraluna.com\/?page_id=932"},"modified":"2024-04-01T13:29:19","modified_gmt":"2024-04-01T13:29:19","slug":"cv","status":"publish","type":"page","link":"http:\/\/antoniamoraluna.com\/index.php\/cv\/","title":{"rendered":"CV"},"content":{"rendered":"\n<h3 class=\"wp-block-heading\">Formaci\u00f3n acad\u00e9mica<\/h3>\n\n\n\n<p>Doctora en Ciencias de la Educaci\u00f3n. Universidad de Granada. Menci\u00f3n Internacional. Tesis: <em>La educaci\u00f3n literaria en la Espa\u00f1a contempor\u00e1nea: curricula educativos y manual\u00edstica escolar para la construcci\u00f3n de identidades (1970-2006)<\/em>. M\u00e1xima calificaci\u00f3n y premio extraordinario.<\/p>\n\n\n\n<p>Licenciada en Filolog\u00eda Hisp\u00e1nica. Universidad de Granada.<\/p>\n\n\n\n<p>Licenciada en Teor\u00eda de la Literatura y Literatura Comparada. Universidad de Granada.<\/p>\n\n\n\n<h3 class=\"wp-block-heading\" id=\"block-98e07594-99da-47f1-bc80-eff96f4e8fa2\">Carrera profesional<\/h3>\n\n\n\n<p id=\"block-838d4065-ce18-458e-b51c-6248dace2f32\">Ha sido becaria de colaboraci\u00f3n (2007) y becaria de investigaci\u00f3n predoctoral de Excelencia en la UGR (2008-2012), Visiting Scholar Junior (2012-2013) e investigadora contratada (2013-2014) en Paris IV y posteriormente en Paris 3-Sorbonne Nouvelle (2014-2015), becaria de investigaci\u00f3n postdoctoral \u201cFernand Braudel\u201d-Action Marie Curie (2015), becaria de investigaci\u00f3n postdoctoral en el Instituto de Educaci\u00f3n de la Universidad de Lisboa (2015-2021), adem\u00e1s de profesora auxiliar convidada en este \u00faltimo centro (2019-2021). Actualmente trabaja como investigadora distinguida \u00abMar\u00eda Zambrano\u00bb en el Departamento de Educaci\u00f3n Comparada e Historia de la Educaci\u00f3n de la Universitat de Val\u00e8ncia. En septiembre de 2024 comenzar\u00e1 u<\/p>\n","protected":false},"excerpt":{"rendered":"<p>Formaci\u00f3n acad\u00e9mica Doctora en Ciencias de la Educaci\u00f3n. Universidad de Granada. Menci\u00f3n Internacional. Tesis: La educaci\u00f3n literaria en la Espa\u00f1a contempor\u00e1nea: curricula educativos y manual\u00edstica escolar para la construcci\u00f3n de identidades (1970-2006). M\u00e1xima calificaci\u00f3n y premio extraordinario. Licenciada en Filolog\u00eda Hisp\u00e1nica. Universidad de Granada. Licenciada en Teor\u00eda de la Literatura y Literatura Comparada. Universidad de &hellip; <a href=\"http:\/\/antoniamoraluna.com\/index.php\/cv\/\" class=\"more-link\">Continuar leyendo<span class=\"screen-reader-text\"> \u00abCV\u00bb<\/span><\/a><\/p>\n","protected":false},"author":1,"featured_media":0,"parent":0,"menu_order":0,"comment_status":"closed","ping_status":"closed","template":"","meta":{"footnotes":""},"class_list":["post-932","page","type-page","status-publish","hentry"],"_links":{"self":[{"href":"http:\/\/antoniamoraluna.com\/index.php\/wp-json\/wp\/v2\/pages\/932","targetHints":{"allow":["GET"]}}],"collection":[{"href":"http:\/\/antoniamoraluna.com\/index.php\/wp-json\/wp\/v2\/pages"}],"about":[{"href":"http:\/\/antoniamoraluna.com\/index.php\/wp-json\/wp\/v2\/types\/page"}],"author":[{"embeddable":true,"href":"http:\/\/antoniamoraluna.com\/index.php\/wp-json\/wp\/v2\/users\/1"}],"replies":[{"embeddable":true,"href":"http:\/\/antoniamoraluna.com\/index.php\/wp-json\/wp\/v2\/comments?post=932"}],"version-history":[{"count":5,"href":"http:\/\/antoniamoraluna.com\/index.php\/wp-json\/wp\/v2\/pages\/932\/revisions"}],"predecessor-version":[{"id":945,"href":"http:\/\/antoniamoraluna.com\/index.php\/wp-json\/wp\/v2\/pages\/932\/revisions\/945"}],"wp:attachment":[{"href":"http:\/\/antoniamoraluna.com\/index.php\/wp-json\/wp\/v2\/media?parent=932"}],"curies":[{"name":"wp","href":"https:\/\/api.w.org\/{rel}","templated":true}]}}